e highest common divisor of h and 34.
34
Let x(o) = 16*o + 14. Let g be x(7). What is the greatest common divisor of g and 18?
18
Let t = -86 - -97. Calculate the greatest common factor of 143 and t.
11
Let y be 2 + (2 - 0)*51. Let l(m) = -m**2 + 9*m - 8. Let s be l(6). Let z be 52/s*20/8. Calculate the highest common factor of z and y.
13
Let a be (78/4)/3*2. Suppose i = -7 + a. Let o(y) = -5*y - 2. Let j be o(-4). Calculate the greatest common divisor of i and j.
6
Let v be 2*(-3 + (-15)/(-3)). Suppose -2*p + 9 = 1. Suppose v*t + 0*z - z - p = 0, -5 = -5*t + 3*z. What is the highest common factor of 11 and t?
1
Let z(x) = x + 5. Let u be z(-7). Let n be 56 + -3*u/6. Suppose 3*s + 21 = n. Calculate the highest common divisor of 6 and s.
6
Let c(h) = h**3 - 8*h**2 + 8*h + 8. Let d = 6 + 1. Let x be c(d). Calculate the highest common divisor of 3 and x.
3
Let m(w) = -11*w - 10. Let p be m(-4). Suppose 3*f + 22 = -d + 2*f, -5*d + 4*f - 74 = 0. Let g = d + p. What is the greatest common factor of 16 and g?
16
Suppose -4*h = -z - 2*h + 6, 2*z + 2*h + 12 = 0. Let f be (-1)/z + (-474)/(-12). What is the highest common factor of f and 60?
20
Let y = 76 + -41. Calculate the highest common divisor of 7 and y.
7
Suppose 0 = 2*b + 6 - 46. Let j(o) = 0*o - o + b + 2*o + 0*o. Let f be j(0). Calculate the greatest common divisor of 4 and f.
4
Suppose -6*l + 49 = l. What is the highest common divisor of 28 and l?
7
Let m be (6/(-5))/(33/(-220)). Let r(g) = 8*g**2 + 1. Let z be r(-2). Suppose -m = 5*j - z. Calculate the highest common divisor of 10 and j.
5
Let n be (-1232)/(-49) - (-1)/(-7). Suppose -3*s + n = -2*s. Calculate the greatest common divisor of 275 and s.
25
Suppose 0 = -5*o, -4*c - 5 = 4*o - 69. What is the highest common divisor of 16 and c?
16
Let w = 1 - -2. Let a(y) = 5*y + 12. Let n be a(3). Calculate the greatest common factor of w and n.
3
Suppose -s = i + 56, 4*i - 4*s = -s - 245. Let n = i - -108. Suppose 0 = k + 3*h - 8*h - 7, 3*k + 3*h = 21. What is the highest common factor of n and k?
7
Suppose g - 3*g = -84. Calculate the highest common divisor of g and 28.
14
Suppose 12 = 3*o - 2*s, -2*o + 5*s = s - 16. Let y be o*(0 + 17/(-2)). Let v = y + 68. Calculate the highest common divisor of v and 17.
17
Let h = -123 + 256. Calculate the greatest common divisor of h and 19.
19
Let o(r) = r**3 + 7*r**2 + r + 15. Let l be o(-7). What is the highest common factor of 12 and l?
4
Suppose -q - 2*q = w - 15, -5*q + 35 = 5*w. Suppose 235 = w*s + 2*s. Let h = s - 30. Calculate the greatest common factor of h and 17.
17
Let o(h) = h**2 - 2*h + 2. Let w(m) = m**3 - 4*m**2 + 3. Let x be w(4). Let g be o(x). Suppose g*a - a = 252. Calculate the highest common divisor of a and 9.
9
Let y(a) = a**2 - 2*a - 1. Let z be y(3). Let v(n) = -16*n + z*n + 0 - 2. Let u be v(-3). Calculate the highest common divisor of 8 and u.
8
Let j = -91 + 171. Let k = j + -44. What is the highest common divisor of k and 12?
12
Suppose 0 = 2*w + 3*w - 5. Calculate the greatest common divisor of 4 and w.
1
Let j be 94/10 - 8/(-140)*-7. Calculate the greatest common divisor of j and 45.
9
Suppose 0 = -i + 2*p - 2, p + 24 = 2*i + 4*p. Let j be (-2)/(-12) - 57/18. Let r be (-30)/(j/6*4). What is the highest common divisor of r and i?
3
Suppose -1 = i - 3. Let g be -4*i*(-2)/4. Let h be (-30)/12*(-48)/10. What is the highest common factor of g and h?
4
Let f(r) = -2*r**2 - 4*r + 3. Let z be f(3). Let x = -16 - z. Suppose 0 = -2*n - x + 43. Calculate the greatest common factor of n and 24.
8
Let n be 3*(-4 + (-8)/(-3)) + 30. What is the highest common divisor of 65 and n?
13
Suppose -f + 17 = -9. Calculate the greatest common factor of 65 and f.
13
Let b(n) = n - 1. Let g be b(5). Suppose 0*l = -g*l + 2*v + 188, 5*l - 241 = 4*v. Let m = -22 - -31. What is the highest common factor of l and m?
9
Let b be -64*(3 + -6 + 1). Suppose -3*n - n + b = 0. What is the highest common factor of 4 and n?
4
Let t = -28 - -52. Let y be (-2)/6*7*-3. Suppose -2*q = -y*q + 180. Calculate the greatest common factor of q and t.
12
Suppose 3*t - 48 = -t. Let i(z) = -6*z - 48. Let o be i(-18). What is the highest common divisor of t and o?
12
Let a = -42 + 91. Let p(f) = -f + 1. Let k be p(-6). What is the greatest common factor of k and a?
7
Let s be (2/4)/(2/76). Let o be 136 - (-2 - (3 - (7 + 1))). What is the greatest common factor of s and o?
19
Suppose -2*h = h - 114. What is the highest common divisor of 19 and h?
19
Suppose b - 286 = -97. What is the greatest common factor of 21 and b?
21
Let l(w) = w + 2. Let b be l(-4). Let j be b*5*1/(-2). Calculate the greatest common divisor of 20 and j.
5
Suppose -9*d + 1132 = -5*d. Let a = d + -19. What is the greatest common divisor of a and 24?
24
Let p be (-12)/(-1 + 10/12). Let m = 18 + p. Suppose -124 = -4*n - 5*a, 3*n + 2*a - 17 - 83 = 0. What is the greatest common divisor of m and n?
18
Suppose p = -1 + 2. Let t(h) = -2*h + 9. Let l be t(6). Let w(o) = o**3 + 2*o**2 - 2*o + 4. Let z be w(l). What is the greatest common divisor of z and p?
1
Let d = -523 - -747. What is the highest common divisor of 28 and d?
28
Let s be (-2 - -4) + 4*2. Suppose 0*y + 3*y = -5*x + 326, 0 = -5*y + s. Calculate the greatest common divisor of x and 16.
16
Let n = 37 + -4. Suppose 4*l - l = n. Calculate the highest common divisor of 1 and l.
1
Let m be (28/(-10))/(4/(-20)). Suppose 2*y - m = -y - 4*p, -y - 10 = 5*p. Calculate the greatest common factor of y and 70.
10
Let g(q) = 3*q**2 - 40*q + 66. Let p be g(12). Suppose c - 18 = 3*r, 0 = -4*c - r - r + 16. Let y = 0 + c. What is the highest common factor of y and p?
6
Let z = -97 + 273. Let n(v) = 3*v**2 + 3*v + 4. Let l be n(-3). What is the greatest common divisor of l and z?
22
Suppose 11 = -c - 6. Let s = c - -18. What is the highest common factor of s and 7?
1
Let x(j) = -75*j**3 + 2*j**2 + j. Let c be x(-1). What is the highest common factor of c and 19?
19
Suppose -3*p = -2*l - 7, 4*l = 2*p - 0 - 10. What is the greatest common divisor of p and 3?
1
Suppose 3*r = -2*u - 0*u + 382, 150 = r - 5*u. What is the highest common factor of 52 and r?
26
Let q = 2 - 0. Let r be 1 + 1/(q/24). Let k be 1/(12/159) - (-1)/(-4). What is the greatest common divisor of k and r?
13
Let m = 192 - 59. Let f = -29 + 48. What is the highest common divisor of m and f?
19
Let p = 0 - -7. Let q = -2 + p. Suppose -118 = -3*z + 2*r, -z - 78 = -3*z + 2*r. What is the greatest common factor of z and q?
5
Let q be (-5 - 0) + 2 + 1. Let x = 22 - q. Suppose 4*i = 4, -i - 6 = -c - 4*i. What is the greatest common factor of c and x?
3
Let d be (-40)/(-30)*6/2. Calculate the highest common factor of 44 and d.
4
Suppose 3*q - 8 = q. Suppose 0 = -q*n - 4*t + 80, 12 = n + 2*t - 7. Suppose 0 = -5*j + 70. Calculate the greatest common divisor of n and j.
7
Let o(i) = 22 + 0*i - i**3 + 2*i**3 + i. Let g be o(0). Let v = -344 - -586. Calculate the greatest common divisor of v and g.
22
Let j(l) = l + l + 6 + 59. Let q be j(0). Calculate the greatest common divisor of q and 13.
13
Let v = -7 - -67. Calculate the highest common factor of 15 and v.
15
Suppose 0*p - 35 = -5*p. Calculate the greatest common factor of 35 and p.
7
Let o(m) = -m**2 + 6*m. Let s be o(5). Suppose 4*a - 43 = -5*u + 5, 0 = -s*a - 15. Calculate the highest common divisor of u and 60.
12
Let c be ((-4)/(-10))/((-7)/(-490)). What is the greatest common factor of 84 and c?
28
Let j(r) = 3 + 3*r - r - 3*r. Let y be j(-3). What is the greatest common factor of y and 42?
6
Suppose 0 = c + c - 2. Let h(l) = 2 + 0 - 4*l + 3*l. Let q be h(-6). What is the highest common factor of c and q?
1
Let h be (30/(-9))/(4/(-264)*4). What is the greatest common divisor of 22 and h?
11
Let z(j) = 6*j**2 + 8*j - 13. Let d be z(3). What is the highest common divisor of d and 26?
13
Suppose -147 = -2*h + 35. What is the highest common divisor of 52 and h?
13
Let f = 7 - 4. Suppose 3*n + t + 2*t = 75, 4*n - 88 = -t. What is the highest common factor of f and n?
3
Suppose -5*x - 27 + 77 = 0. Let b be 10/1 + x/5. Let u = -7 + b. What is the highest common divisor of u and 25?
5
Let i(p) = p**2 + 4*p - 3. Let g be i(2). Let q(b) = -b**2 - 4*b + 2. Let x be q(-3). Suppose g*l - 16 = x*l. What is the hig